{"id":991,"date":"2016-03-18T09:15:08","date_gmt":"2016-03-18T09:15:08","guid":{"rendered":"http:\/\/esferas.org\/msqlu\/?page_id=991"},"modified":"2021-05-05T07:20:03","modified_gmt":"2021-05-05T05:20:03","slug":"referencias","status":"publish","type":"page","link":"https:\/\/esferas.org\/msqlu\/referencias\/","title":{"rendered":"Referencias"},"content":{"rendered":"<div class='__iawmlf-post-loop-links' style='display:none;' data-iawmlf-post-links='[{&quot;id&quot;:999,&quot;href&quot;:&quot;https:\\\/\\\/www.debian.org\\\/doc\\\/debian-policy\\\/ch-archive.html#s-subsections&quot;,&quot;archived_href&quot;:&quot;https:\\\/\\\/web-wp.archive.org\\\/web\\\/20260415175619\\\/https:\\\/\\\/www.debian.org\\\/doc\\\/debian-policy\\\/ch-archive.html&quot;,&quot;redirect_href&quot;:&quot;&quot;,&quot;checks&quot;:[],&quot;broken&quot;:false,&quot;last_checked&quot;:null,&quot;process&quot;:&quot;done&quot;},{&quot;id&quot;:1000,&quot;href&quot;:&quot;http:\\\/\\\/cdimage.debian.org\\\/cdimage\\\/unofficial\\\/non-free\\\/firmware&quot;,&quot;archived_href&quot;:&quot;https:\\\/\\\/web-wp.archive.org\\\/web\\\/20260218230258\\\/https:\\\/\\\/cdimage.debian.org\\\/cdimage\\\/unofficial\\\/non-free\\\/firmware\\\/&quot;,&quot;redirect_href&quot;:&quot;&quot;,&quot;checks&quot;:[{&quot;date&quot;:&quot;2026-04-15 17:51:09&quot;,&quot;http_code&quot;:206}],&quot;broken&quot;:false,&quot;last_checked&quot;:{&quot;date&quot;:&quot;2026-04-15 17:51:09&quot;,&quot;http_code&quot;:206},&quot;process&quot;:&quot;done&quot;},{&quot;id&quot;:1001,&quot;href&quot;:&quot;https:\\\/\\\/httpd.apache.org\\\/docs\\\/2.4\\\/upgrading.html&quot;,&quot;archived_href&quot;:&quot;https:\\\/\\\/web-wp.archive.org\\\/web\\\/20260412094152\\\/https:\\\/\\\/httpd.apache.org\\\/docs\\\/2.4\\\/upgrading.html&quot;,&quot;redirect_href&quot;:&quot;&quot;,&quot;checks&quot;:[],&quot;broken&quot;:false,&quot;last_checked&quot;:null,&quot;process&quot;:&quot;done&quot;},{&quot;id&quot;:1002,&quot;href&quot;:&quot;http:\\\/\\\/dkimvalidator.com&quot;,&quot;archived_href&quot;:&quot;https:\\\/\\\/web-wp.archive.org\\\/web\\\/20260401033451\\\/https:\\\/\\\/dkimvalidator.com\\\/&quot;,&quot;redirect_href&quot;:&quot;&quot;,&quot;checks&quot;:[{&quot;date&quot;:&quot;2026-04-15 17:51:29&quot;,&quot;http_code&quot;:206}],&quot;broken&quot;:false,&quot;last_checked&quot;:{&quot;date&quot;:&quot;2026-04-15 17:51:29&quot;,&quot;http_code&quot;:206},&quot;process&quot;:&quot;done&quot;},{&quot;id&quot;:1003,&quot;href&quot;:&quot;https:\\\/\\\/creativecommons.org\\\/choose&quot;,&quot;archived_href&quot;:&quot;&quot;,&quot;redirect_href&quot;:&quot;https:\\\/\\\/creativecommons.org\\\/chooser&quot;,&quot;checks&quot;:[],&quot;broken&quot;:false,&quot;last_checked&quot;:null,&quot;process&quot;:&quot;done&quot;},{&quot;id&quot;:1004,&quot;href&quot;:&quot;https:\\\/\\\/www.punycoder.com&quot;,&quot;archived_href&quot;:&quot;https:\\\/\\\/web-wp.archive.org\\\/web\\\/20260415175742\\\/https:\\\/\\\/www.punycoder.com\\\/&quot;,&quot;redirect_href&quot;:&quot;&quot;,&quot;checks&quot;:[],&quot;broken&quot;:false,&quot;last_checked&quot;:null,&quot;process&quot;:&quot;done&quot;},{&quot;id&quot;:724,&quot;href&quot;:&quot;http:\\\/\\\/permissions-calculator.org&quot;,&quot;archived_href&quot;:&quot;&quot;,&quot;redirect_href&quot;:&quot;&quot;,&quot;checks&quot;:[],&quot;broken&quot;:false,&quot;last_checked&quot;:null,&quot;process&quot;:&quot;done&quot;},{&quot;id&quot;:1005,&quot;href&quot;:&quot;https:\\\/\\\/incompetech.com\\\/graphpaper\\\/hexagonal&quot;,&quot;archived_href&quot;:&quot;https:\\\/\\\/web-wp.archive.org\\\/web\\\/20260415175708\\\/https:\\\/\\\/incompetech.com\\\/graphpaper\\\/hexagonal\\\/&quot;,&quot;redirect_href&quot;:&quot;https:\\\/\\\/incompetech.com\\\/graphpaper\\\/hexagonal\\\/&quot;,&quot;checks&quot;:[],&quot;broken&quot;:false,&quot;last_checked&quot;:null,&quot;process&quot;:&quot;done&quot;},{&quot;id&quot;:1006,&quot;href&quot;:&quot;http:\\\/\\\/www.vendian.org\\\/mncharity\\\/dir3\\\/paper_rulers&quot;,&quot;archived_href&quot;:&quot;&quot;,&quot;redirect_href&quot;:&quot;http:\\\/\\\/www.vendian.org\\\/mncharity\\\/dir3\\\/paper_rulers\\\/&quot;,&quot;checks&quot;:[],&quot;broken&quot;:false,&quot;last_checked&quot;:null,&quot;process&quot;:&quot;done&quot;},{&quot;id&quot;:1007,&quot;href&quot;:&quot;http:\\\/\\\/www.tablesgenerator.com&quot;,&quot;archived_href&quot;:&quot;https:\\\/\\\/web-wp.archive.org\\\/web\\\/20260415175719\\\/https:\\\/\\\/www.tablesgenerator.com\\\/&quot;,&quot;redirect_href&quot;:&quot;https:\\\/\\\/www.tablesgenerator.com\\\/&quot;,&quot;checks&quot;:[],&quot;broken&quot;:false,&quot;last_checked&quot;:null,&quot;process&quot;:&quot;done&quot;},{&quot;id&quot;:1008,&quot;href&quot;:&quot;http:\\\/\\\/www.tablesgenerator.com\\\/markdown_tables&quot;,&quot;archived_href&quot;:&quot;&quot;,&quot;redirect_href&quot;:&quot;https:\\\/\\\/www.tablesgenerator.com\\\/markdown_tables&quot;,&quot;checks&quot;:[],&quot;broken&quot;:false,&quot;last_checked&quot;:null,&quot;process&quot;:&quot;done&quot;},{&quot;id&quot;:1009,&quot;href&quot;:&quot;http:\\\/\\\/www.tablesgenerator.com\\\/mediawiki_tables&quot;,&quot;archived_href&quot;:&quot;&quot;,&quot;redirect_href&quot;:&quot;https:\\\/\\\/www.tablesgenerator.com\\\/mediawiki_tables&quot;,&quot;checks&quot;:[],&quot;broken&quot;:false,&quot;last_checked&quot;:null,&quot;process&quot;:&quot;done&quot;},{&quot;id&quot;:1010,&quot;href&quot;:&quot;http:\\\/\\\/hilite.me&quot;,&quot;archived_href&quot;:&quot;https:\\\/\\\/web-wp.archive.org\\\/web\\\/20260305225757\\\/https:\\\/\\\/hilite.me\\\/&quot;,&quot;redirect_href&quot;:&quot;https:\\\/\\\/hilite.me\\\/&quot;,&quot;checks&quot;:[],&quot;broken&quot;:false,&quot;last_checked&quot;:null,&quot;process&quot;:&quot;done&quot;},{&quot;id&quot;:1011,&quot;href&quot;:&quot;https:\\\/\\\/www.tablesgenerator.com&quot;,&quot;archived_href&quot;:&quot;https:\\\/\\\/web-wp.archive.org\\\/web\\\/20260415175719\\\/https:\\\/\\\/www.tablesgenerator.com\\\/&quot;,&quot;redirect_href&quot;:&quot;https:\\\/\\\/www.tablesgenerator.com\\\/&quot;,&quot;checks&quot;:[],&quot;broken&quot;:false,&quot;last_checked&quot;:null,&quot;process&quot;:&quot;done&quot;},{&quot;id&quot;:1012,&quot;href&quot;:&quot;https:\\\/\\\/johnmacfarlane.net\\\/babelmark2&quot;,&quot;archived_href&quot;:&quot;https:\\\/\\\/web-wp.archive.org\\\/web\\\/20250417222344\\\/https:\\\/\\\/johnmacfarlane.net\\\/babelmark2\\\/&quot;,&quot;redirect_href&quot;:&quot;&quot;,&quot;checks&quot;:[{&quot;date&quot;:&quot;2026-04-15 17:53:08&quot;,&quot;http_code&quot;:404}],&quot;broken&quot;:false,&quot;last_checked&quot;:{&quot;date&quot;:&quot;2026-04-15 17:53:08&quot;,&quot;http_code&quot;:404},&quot;process&quot;:&quot;done&quot;},{&quot;id&quot;:1013,&quot;href&quot;:&quot;http:\\\/\\\/sed.sourceforge.net\\\/sed1line.txt&quot;,&quot;archived_href&quot;:&quot;&quot;,&quot;redirect_href&quot;:&quot;https:\\\/\\\/sed.sourceforge.net\\\/sed1line.txt&quot;,&quot;checks&quot;:[],&quot;broken&quot;:false,&quot;last_checked&quot;:null,&quot;process&quot;:&quot;done&quot;}]'><\/div>\n<h4>Sitios especiales en este blog<\/h4>\n<ul>\n<li><a href=\"https:\/\/esferas.org\/msqlu\/webmaster\/\">Webmaster<\/a>: herramientas para administrar y crear sitios web.<\/li>\n<\/ul>\n<h4>Desarrollo en Debian<\/h4>\n<ul>\n<li><a href=\"http:\/\/esferas.org\/msqlu\/2014\/01\/07\/paquetes-de-configuracion-debian\/\">Archivos de configuraci\u00f3n (config-package-dev)<\/a><\/li>\n<li>Normativa Debian:\n<ul>\n<li><a href=\"https:\/\/www.debian.org\/doc\/debian-policy\/ch-archive.html#s-subsections\">Campo <em>Section<\/em> <\/a><\/li>\n<\/ul>\n<\/li>\n<li>Repositorios Debian locales:\n<ul>\n<li><a href=\"http:\/\/esferas.org\/msqlu\/2014\/01\/06\/mi-propio-repositorio-debian\/\">Instalaci\u00f3n de mini-dinstall<\/a><\/li>\n<li><a href=\"http:\/\/esferas.org\/msqlu\/2014\/01\/09\/firmando-digitalmente-el-archivo-release\/\">mini-dinstall y la firma digital<\/a><\/li>\n<\/ul>\n<\/li>\n<\/ul>\n<h4>Administraci\u00f3n Debian<\/h4>\n<ul>\n<li><a href=\"http:\/\/esferas.org\/msqlu\/2016\/01\/20\/un-servidor-debian\/\">Instalaci\u00f3n de servidor nuevo<\/a><\/li>\n<li><a href=\"http:\/\/esferas.org\/msqlu\/2016\/03\/22\/marcando-paquetes-como-retenidos\/\">Marcando paquetes (apt-mark)<\/a><\/li>\n<li><a href=\"http:\/\/esferas.org\/msqlu\/2016\/04\/14\/sudo\/\">sudo (usos y referencia)<\/a><\/li>\n<\/ul>\n<h4>Debian en general<\/h4>\n<ul>\n<li><a href=\"http:\/\/cdimage.debian.org\/cdimage\/unofficial\/non-free\/firmware\/\">Firmware en Debian para instalaciones<\/a><\/li>\n<\/ul>\n<h4>Servidor web Apache<\/h4>\n<ul>\n<li><a href=\"https:\/\/httpd.apache.org\/docs\/2.4\/upgrading.html\">Diferencias entre versi\u00f3n 2.2 y 2.4<\/a><\/li>\n<\/ul>\n<h4>Proyecto Let&#8217;s Encrypt<\/h4>\n<ul>\n<li><a href=\"http:\/\/esferas.org\/msqlu\/2016\/04\/07\/el-protocolo-acme-empleado-por-lets-encrypt\/\">Protocolo ACME challenge en el servidor.<\/a><\/li>\n<li><a href=\"http:\/\/esferas.org\/msqlu\/2016\/04\/08\/usando-letsencrypt-sh-para-crear-y-renovar-certificados\/\">Cliente letsencrypt.sh <\/a><\/li>\n<\/ul>\n<h4>Utilidades en l\u00ednea<\/h4>\n<ul>\n<li>Correo electr\u00f3nico:\n<ul>\n<li><a href=\"http:\/\/dkimvalidator.com\/\">Verificaci\u00f3n de uso de DKIM en el servidor<\/a>.<\/li>\n<\/ul>\n<\/li>\n<li>Licencias de uso:\n<ul>\n<li><a href=\"https:\/\/creativecommons.org\/choose\/\">Explore las licencias de Creative Commons<\/a><\/li>\n<\/ul>\n<\/li>\n<li>Sobre Internet:\n<ul>\n<li><a href=\"https:\/\/www.punycoder.com\/\">Conversor para nombres de dominio internacionales<\/a> (IDN, punycode)<\/li>\n<\/ul>\n<\/li>\n<li>Miscel\u00e1nea:\n<ul>\n<li><a href=\"http:\/\/permissions-calculator.org\/\">Calculadora de permisos UNIX<\/a><\/li>\n<li><a href=\"https:\/\/incompetech.com\/graphpaper\/hexagonal\/\">Creaci\u00f3n de mapas hexagonales en PDF<\/a><\/li>\n<li><a href=\"http:\/\/www.vendian.org\/mncharity\/dir3\/paper_rulers\/\">Impresi\u00f3n de reglas desde PDF <\/a><\/li>\n<li><a href=\"http:\/\/www.tablesgenerator.com\">Generador de tablas<\/a>\n<ul>\n<li><a href=\"http:\/\/www.tablesgenerator.com\/markdown_tables\">Markdown<\/a><\/li>\n<li><a href=\"http:\/\/www.tablesgenerator.com\/mediawiki_tables\">Mediawiki<\/a><\/li>\n<\/ul>\n<\/li>\n<\/ul>\n<\/li>\n<li>Desarrollo:\n<ul>\n<li><a href=\"http:\/\/hilite.me\/\">Resaltado de c\u00f3digo fuente a HTML<\/a><\/li>\n<\/ul>\n<\/li>\n<li>Markdown:\n<ul>\n<li><a title=\"Tables Generator\" href=\"https:\/\/www.tablesgenerator.com\/\">Tables Generator<\/a><\/li>\n<li><a href=\"https:\/\/johnmacfarlane.net\/babelmark2\">https:\/\/johnmacfarlane.net\/babelmark2<\/a><\/li>\n<\/ul>\n<\/li>\n<\/ul>\n<h3>Sobre programas<\/h3>\n<ul>\n<li><a href=\"http:\/\/sed.sourceforge.net\/sed1line.txt\">Scripts sed en una l\u00ednea<\/a><\/li>\n<\/ul>\n<h3>Enlaces independientes<\/h3>\n<p>[links]<\/p>\n","protected":false},"excerpt":{"rendered":"<p>Sitios especiales en este blog Webmaster: herramientas para administrar y crear sitios web. Desarrollo en Debian Archivos de configuraci\u00f3n (config-package-dev) Normativa Debian: Campo Section Repositorios Debian locales: Instalaci\u00f3n de mini-dinstall mini-dinstall y la firma digital Administraci\u00f3n Debian Instalaci\u00f3n de servidor nuevo Marcando paquetes (apt-mark) sudo (usos y referencia) Debian en general Firmware en Debian para [&hellip;]<\/p>\n","protected":false},"author":1,"featured_media":0,"parent":0,"menu_order":0,"comment_status":"closed","ping_status":"closed","template":"","meta":{"_import_markdown_pro_load_document_selector":0,"_import_markdown_pro_submit_text_textarea":"","webmentions_disabled_pings":false,"webmentions_disabled":false,"footnotes":""},"class_list":["post-991","page","type-page","status-publish","hentry"],"_links":{"self":[{"href":"https:\/\/esferas.org\/msqlu\/wp-json\/wp\/v2\/pages\/991","targetHints":{"allow":["GET"]}}],"collection":[{"href":"https:\/\/esferas.org\/msqlu\/wp-json\/wp\/v2\/pages"}],"about":[{"href":"https:\/\/esferas.org\/msqlu\/wp-json\/wp\/v2\/types\/page"}],"author":[{"embeddable":true,"href":"https:\/\/esferas.org\/msqlu\/wp-json\/wp\/v2\/users\/1"}],"replies":[{"embeddable":true,"href":"https:\/\/esferas.org\/msqlu\/wp-json\/wp\/v2\/comments?post=991"}],"version-history":[{"count":7,"href":"https:\/\/esferas.org\/msqlu\/wp-json\/wp\/v2\/pages\/991\/revisions"}],"predecessor-version":[{"id":4115,"href":"https:\/\/esferas.org\/msqlu\/wp-json\/wp\/v2\/pages\/991\/revisions\/4115"}],"wp:attachment":[{"href":"https:\/\/esferas.org\/msqlu\/wp-json\/wp\/v2\/media?parent=991"}],"curies":[{"name":"wp","href":"https:\/\/api.w.org\/{rel}","templated":true}]}}