{"id":90,"date":"2018-12-06T08:02:09","date_gmt":"2018-12-06T08:02:09","guid":{"rendered":"http:\/\/esferas.org\/sapiens\/?page_id=90"},"modified":"2018-12-06T08:05:06","modified_gmt":"2018-12-06T08:05:06","slug":"angela-ruiz-la-directora","status":"publish","type":"page","link":"https:\/\/esferas.org\/sapiens\/angela-ruiz-la-directora\/","title":{"rendered":"\u00c1ngela Ruiz, la directora"},"content":{"rendered":"\n<p>\u00c1ngela Ruiz es licenciada en Interpretaci\u00f3n y Direcci\u00f3n de Escena por la University of Kent, es actriz, directora de escena, gestora cultural y una apasionada de la ense\u00f1anza.<\/p>\n\n\n\n<div class=\"wp-block-image\"><figure class=\"aligncenter\"><img loading=\"lazy\" decoding=\"async\" width=\"300\" height=\"225\" src=\"https:\/\/esferas.org\/sapiens\/wp-content\/uploads\/sites\/21\/2018\/12\/angela-300x225.jpg\" alt=\"\" class=\"wp-image-94\" srcset=\"https:\/\/esferas.org\/sapiens\/wp-content\/uploads\/sites\/21\/2018\/12\/angela-300x225.jpg 300w, https:\/\/esferas.org\/sapiens\/wp-content\/uploads\/sites\/21\/2018\/12\/angela-768x576.jpg 768w, https:\/\/esferas.org\/sapiens\/wp-content\/uploads\/sites\/21\/2018\/12\/angela-1024x768.jpg 1024w\" sizes=\"auto, (max-width: 300px) 100vw, 300px\" \/><\/figure><\/div>\n\n\n\n<p><br>En 2002 funda Enteatradas Teatro, compa\u00f1\u00eda en la que participa como actriz y productora, estrenando <em>La Casa de Bernarda Alba<\/em> de Federico Garc\u00eda Lorca, dirigida por Vicente Le\u00f3n.<\/p>\n\n\n\n<p><br>En 2006 funda, con su padre el artista pl\u00e1stico Javier Ruiz, ELABORIGEN, Centro de Iniciativas Art\u00edsticas y Culturales, un teatro-cine restaurado en la Sierra de Madrid (Cercedilla) en el que conviven el cine, las artes esc\u00e9nicas y las artes pl\u00e1sticas. En este espacio, \u00c1ngela Ruiz desarrolla su actividad creativa y pedag\u00f3gica, imparte clases y realiza campa\u00f1as escolares de teatro.<\/p>\n\n\n\n<p><br>Tambi\u00e9n en 2006 comienza su colaboraci\u00f3n, que durar\u00e1 hasta el 2010, con los <em>Premios Veo Veo<\/em> de Teresa Rabal, producci\u00f3n para televisi\u00f3n.<\/p>\n\n\n\n<p><br>De 2011 a 2014 es la directora de la oficina cultural de Juan Losada, en la que se realizan actividades musicales.<\/p>\n\n\n\n<p><br>Como directora de escena ha dirigido numerosas obras de teatro, como <em>\u00d1aque o de piojos y actores<\/em>, de Jos\u00e9 Sanch\u00eds Sinisterra, <em>La calle del infierno<\/em>, de Antonio Onetti, <em>La Sombra del Tenorio<\/em>, de Jos\u00e9 Luis Alonso de Santos o <em>Hamlet<\/em>, de W. Shakespeare.<\/p>\n\n\n\n<p><br>En la actualidad trabaja para entradasym\u00e1s, una promotora de espect\u00e1culos formada por un grupo de 80 reconocidos artistas que trabaja en ofrecer experiencias culturales diferentes, y da clases en el Taller de Teatro SAPIENS.<\/p>\n","protected":false},"excerpt":{"rendered":"<p>\u00c1ngela Ruiz es licenciada en Interpretaci\u00f3n y Direcci\u00f3n de Escena por la University of Kent, es actriz, directora de escena, gestora cultural y una apasionada de la ense\u00f1anza. En 2002 funda Enteatradas Teatro, compa\u00f1\u00eda en la que participa como actriz y productora, estrenando La Casa de Bernarda Alba de Federico Garc\u00eda Lorca, dirigida por Vicente &hellip; <\/p>\n<p class=\"link-more\"><a href=\"https:\/\/esferas.org\/sapiens\/angela-ruiz-la-directora\/\" class=\"more-link\">Continuar leyendo<span class=\"screen-reader-text\"> \u00ab\u00c1ngela Ruiz, la directora\u00bb<\/span><\/a><\/p>\n","protected":false},"author":1,"featured_media":0,"parent":0,"menu_order":0,"comment_status":"closed","ping_status":"closed","template":"","meta":{"webmentions_disabled_pings":false,"webmentions_disabled":false,"footnotes":""},"class_list":["post-90","page","type-page","status-publish","hentry"],"_links":{"self":[{"href":"https:\/\/esferas.org\/sapiens\/wp-json\/wp\/v2\/pages\/90","targetHints":{"allow":["GET"]}}],"collection":[{"href":"https:\/\/esferas.org\/sapiens\/wp-json\/wp\/v2\/pages"}],"about":[{"href":"https:\/\/esferas.org\/sapiens\/wp-json\/wp\/v2\/types\/page"}],"author":[{"embeddable":true,"href":"https:\/\/esferas.org\/sapiens\/wp-json\/wp\/v2\/users\/1"}],"replies":[{"embeddable":true,"href":"https:\/\/esferas.org\/sapiens\/wp-json\/wp\/v2\/comments?post=90"}],"version-history":[{"count":4,"href":"https:\/\/esferas.org\/sapiens\/wp-json\/wp\/v2\/pages\/90\/revisions"}],"predecessor-version":[{"id":96,"href":"https:\/\/esferas.org\/sapiens\/wp-json\/wp\/v2\/pages\/90\/revisions\/96"}],"wp:attachment":[{"href":"https:\/\/esferas.org\/sapiens\/wp-json\/wp\/v2\/media?parent=90"}],"curies":[{"name":"wp","href":"https:\/\/api.w.org\/{rel}","templated":true}]}}